 composite?
False
Is 13861373 composite?
True
Is 36869213 prime?
False
Is 688027 a composite number?
False
Is 17017831 composite?
True
Is 3181439 prime?
False
Is 6815135 prime?
False
Is 9383317 a prime number?
True
Is 2608357 prime?
False
Is 77825747 a composite number?
True
Is 23485289 a prime number?
False
Is 1508261 a prime number?
False
Is 260730577 a composite number?
True
Is 225436489 prime?
True
Is 645149 a composite number?
False
Is 2415227 composite?
True
Is 15366479 composite?
False
Is 3284599 a prime number?
True
Is 1358173 a composite number?
True
Is 8005979 a composite number?
True
Is 1543397 a prime number?
False
Is 793841 prime?
True
Is 3478033 a composite number?
True
Is 20987921 composite?
False
Is 7759937 a prime number?
False
Is 8493799 composite?
False
Is 78367 a prime number?
True
Is 1144079 composite?
True
Is 217271 a prime number?
True
Is 1487905 prime?
False
Is 63399551 composite?
True
Is 16964291 a prime number?
True
Is 5991085 composite?
True
Is 235667423 a prime number?
False
Is 11264237 a prime number?
False
Is 6287413 composite?
True
Is 570329 a composite number?
False
Is 189820655 prime?
False
Is 302516729 a composite number?
True
Is 369389 composite?
True
Is 44902087 prime?
False
Is 13163 composite?
False
Is 87187223 composite?
True
Is 1861061 prime?
True
Is 339049 a prime number?
True
Is 6500729 prime?
True
Is 4488005 prime?
False
Is 26821777 a composite number?
False
Is 8661773 composite?
True
Is 474525317 composite?
True
Is 840137971 prime?
True
Is 465377 composite?
True
Is 179261 prime?
True
Is 140333873 a prime number?
True
Is 4570367 prime?
True
Is 115955431 a prime number?
False
Is 145629973 a prime number?
False
Is 18015301 composite?
False
Is 176183239 a prime number?
True
Is 39015511 composite?
True
Is 6583259 composite?
True
Is 277483 composite?
False
Is 8866733 a prime number?
True
Is 64881679 a composite number?
False
Is 11497 composite?
False
Is 2642709 prime?
False
Is 145083283 prime?
True
Is 4316941 composite?
False
Is 210032663 a composite number?
False
Is 3725411 a prime number?
True
Is 107384551 prime?
False
Is 1336241 composite?
False
Is 869123 a composite number?
True
Is 236121 prime?
False
Is 7146023 a prime number?
True
Is 50264089 a composite number?
False
Is 304807247 a composite number?
True
Is 42718799 a prime number?
True
Is 203295089 prime?
True
Is 5397187 a composite number?
True
Is 23209201 prime?
False
Is 1900363 a prime number?
True
Is 648073 composite?
False
Is 309393229 a composite number?
False
Is 507903047 prime?
True
Is 231728129 a prime number?
False
Is 48125071 prime?
True
Is 19177 a prime number?
False
Is 45408295 prime?
False
Is 5478433 prime?
True
Is 18479555 a composite number?
True
Is 7849781 a prime number?
True
Is 5170381 composite?
True
Is 22265617 composite?
True
Is 11587 a composite number?
False
Is 550076023 a composite number?
True
Is 6467033 composite?
False
Is 1361699 prime?
True
Is 1162908185 a prime number?
False
Is 427189 a prime number?
False
Is 14255599 prime?
False
Is 9390257 composite?
False
Is 47664179 a prime number?
False
Is 29570173 prime?
False
Is 97840273 a composite number?
False
Is 4017491 composite?
True
Is 8524033 composite?
True
Is 59743963 composite?
False
Is 49583251 a prime number?
True
Is 9422027 prime?
True
Is 2361707 prime?
False
Is 18272923 composite?
True
Is 6047707 a composite number?
False
Is 488645929 a prime number?
False
Is 33589987 composite?
False
Is 14087089 a prime number?
False
Is 100501979 a composite number?
False
Is 6233727 composite?
True
Is 49088869 composite?
True
Is 6262897 a prime number?
True
Is 20351699 prime?
False
Is 9419347 a prime number?
False
Is 367249174 a composite number?
True
Is 49775029 a prime number?
True
Is 458900501 composite?
True
Is 13311941 a prime number?
False
Is 2251331 a prime number?
True
Is 50355859 a composite number?
True
Is 97353119 a prime number?
True
Is 145234685 composite?
True
Is 2256673 a composite number?
False
Is 3250246 a prime number?
False
Is 500550889 a prime number?
True
Is 4547729 a prime number?
True
Is 240454547 composite?
True
Is 55291855 prime?
False
Is 58988719 composite?
False
Is 13894291 a composite number?
False
Is 4213133 a prime number?
True
Is 130348723 a composite number?
True
Is 54495013 composite?
True
Is 9772549 prime?
False
Is 7414783 prime?
True
Is 501097 a composite number?
True
Is 7787219 a prime number?
False
Is 153031129 prime?
False
Is 16697267 composite?
True
Is 1868947 prime?
True
Is 9860881 a composite number?
False
Is 282006407 prime?
True
Is 569531733 prime?
False
Is 6612917 a prime number?
False
Is 56831759 composite?
False
Is 67787399 a composite number?
True
Is 1045841 composite?
False
Is 65732447 a prime number?
False
Is 148513 composite?
False
Is 93959563 prime?
True
Is 68495347 a composite number?
False
Is 461473 a prime number?
False
Is 109979113 a prime number?
True
Is 474340001 prime?
False
Is 4576753 prime?
True
Is 29378033 prime?
True
Is 12461941 a composite number?
True
Is 111926617 composite?
True
Is 598135 a composite number?
True
Is 1398593 a prime number?
False
Is 9789641 prime?
True
Is 6417011 prime?
True
Is 20638402 composite?
True
Is 5881367 a composite number?
False
Is 83961953 prime?
False
Is 2699647 composite?
False
Is 79825451 prime?
False
Is 119879134 a prime number?
False
Is 20619749 a composite number?
True
Is 24494959 prime?
False
Is 7724807 prime?
True
Is 104866691 a prime number?
False
Is 584531 a prime number?
True
Is 2221057 a prime number?
False
Is 35366014 composite?
True
Is 421335653 a composite number?
False
Is 43050881 prime?
True
Is 17011641 a prime number?
False
Is 503531 composite?
True
Is 14568431 prime?
False
Is 7536169 a composite number?
True
Is 2311203 prime?
False
Is 103804877 composite?
True
Is 107309 a composite number?
False
Is 2677747 a composite number?
False
Is 51630853 a composite number?
True
Is 18180273 a composite number?
True
Is 46322411 prime?
True
Is 360509573 a prime number?
False
Is 189468719 composite?
True
Is 275072039 a prime number?
False
Is 1115957 prime?
False
Is 77427439 prime?
True
Is 1968679 prime?
True
Is 6265997 composite?
False
Is 32989 a composite number?
True
Is 775521643 prime?
False
Is 6101533 composite?
True
Is 132696173 a prime number?
False
Is 61494263 a prime number?
True
Is 49610017 a composite number?
False
Is 1100441 prime?
True
Is 6050417 composite?
True
Is 79099331 composite?
False
Is 466159 prime?
False
Is 722564659 a composite number?
True
Is 44050047 prime?
False
Is 68839751 composite?
True
Is 38169013 a composite number?
False
Is 7517311 a prime number?
True
Is 8653319 prime?
True
Is 15207755 prime?
False
Is 156816383 a composite number?
True
Is 10127877 composite?
True
Is 33675571 a composite number?
True
Is 30208709 prime?
True
Is 70293 a prime number?
False
Is 5723107 composite?
True
Is 7245991 a composite number?
False
Is 1436917 prime?
True
Is 142055687 a prime number?
True
Is 997529 a composite number?
True
Is 9898373 a composite number?
True
Is 32061245 prime?
False
Is 2399951 a composite number?
False
Is 1672943 prime?
False
Is 40473599 composite?
False
Is 3183587 a prime number?
False
Is 4537241 a composite number?
True
Is 413847971 a composite number?
False
Is 601944103 composite?
False
Is 496066 a composite number?
True
Is 17146043 composite?
False
Is 163356982 composite?
True
Is 692633 a prime number?
False
Is 3777377 a prime number?
True
Is 131502253 a prime number?
True
Is 1883135 a composite number?
True
Is 723017 prime?
False
Is 183485417 a composite number?
True
Is 2348669 composite?
True
Is 883039 a composite number?
True
Is 6641953 a prime number?
True
Is 545429 composite?
False
Is 230511161 a prime number?
True
Is 57967073 a prime number?
True
Is 1804577 composite?
False
Is 35912479 prime?
False
Is 138147773 a composite number?
True
Is 47385557 a composite number?
True
Is 32049571 prime?
False
Is 483081977 prime?
False
Is 13486217 composite?
False
Is 5780083 prime?
False
Is 3486121 a composite number?
False
Is 10451381 composite?
True
Is 4835749 a composite number?
False
Is 2971597 composite?
False
Is 125220881 composite?
True
Is 129382123 composite?
True
Is 2462197 a composite number?
False
Is 1369253 composite?
True
Is 11191429 a comp